**2 - 7*f + 8. Determine t(0).
8
Let t(k) = 19773*k - 12219761. What is t(618)?
-47
Let d(r) = -6*r**2 + 743*r + 1335. Give d(127).
-1078
Let k(i) = 55679*i - 445557. Calculate k(8).
-125
Let y(x) = 19923*x - 1275077. Give y(64).
-5
Let q(j) = -154815*j - 10682226. What is q(-69)?
9
Let g(f) = 2*f**2 - 436191*f - 3925784. What is g(-9)?
97
Let m(g) = -g**3 + 35*g**2 - 6251*g + 218785. What is m(35)?
0
Let p(a) = 9*a**3 - 69*a**2 - 81*a + 488. Give p(9).
731
Let i(m) = 11*m**2 - 173*m + 854. Calculate i(9).
188
Let f(w) = 864*w + 66557. Determine f(-77).
29
Let z(l) = 526*l + 280787. What is z(-534)?
-97
Let y(a) = a**3 + 22*a**2 + 122*a + 7. Determine y(-15).
-248
Let j(c) = 793*c**2 + 7334*c + 7335. Give j(-1).
794
Let w(x) = -40433*x + 403666. Calculate w(10).
-664
Let n(z) = -356*z**2 - 854*z - 851. Give n(-1).
-353
Let t(z) = 78*z**2 + 780*z + 85. Give t(-10).
85
Let t(i) = i**2 + 375*i - 5668. Calculate t(14).
-222
Let a(d) = -797*d - 3733. What is a(-5)?
252
Let d(p) = 4929*p - 1099178. What is d(223)?
-11
Let x(q) = -838*q + 47873. Give x(57).
107
Let d(u) = 312*u**3 - 3*u**2 - 1566*u - 3124. Calculate d(-2).
-2500
Let k(s) = -s**3 - 31*s**2 - 1011*s - 31371. What is k(-31)?
-30
Let o(t) = -26*t**3 - 9*t**2 - 243*t - 1151. What is o(-5)?
3089
Let o(x) = x**3 + 52*x**2 + 394*x - 1475. Calculate o(-13).
-6
Let p(m) = -6089*m + 1132537. Determine p(186).
-17
Let x(s) = 31*s**2 - 1854*s + 6591. What is x(56)?
-17
Let r(g) = 8*g**2 - 72*g - 175. Calculate r(10).
-95
Let q(c) = 23955*c - 550973. What is q(23)?
-8
Let g(k) = -120*k - 1086. Give g(-7).
-246
Let h(k) = -57324*k - 859862. Give h(-15).
-2
Let o(z) = -z**2 + 584*z + 37631. Calculate o(-60).
-1009
Let b(t) = 24*t - 6330. Give b(142).
-2922
Let f(g) = 84244*g + 2695806. Calculate f(-32).
-2
Let s(y) = -6381*y + 12601. Give s(2).
-161
Let u(o) = -o**3 - 28*o**2 - 89*o + 44. Give u(-10).
-866
Let a(q) = -39*q**3 - 1212*q**2 - 93*q - 16. Calculate a(-31).
-16
Let h(b) = b**3 + 198*b**2 - 716*b + 18580. Give h(-202).
-4
Let u(y) = -28*y**2 - 1672*y + 292. Determine u(-60).
-188
Let j(l) = 5*l**3 - 38*l**2 + 24*l - 99. Calculate j(5).
-304
Let d(n) = -23*n - 247. Calculate d(-16).
121
Let h(w) = -w**3 - 479*w**2 - 39791*w + 4838. Calculate h(-372).
2
Let j(g) = 17*g**3 - 8*g**2 - 16*g - 2. Determine j(0).
-2
Let b(j) = 7*j**2 + 773*j + 9405. What is b(-14)?
-45
Let t(l) = -78239*l - 78242. Calculate t(-1).
-3
Let o(z) = -24*z**2 - 89*z + 498. What is o(5)?
-547
Let d(z) = 11*z - 949. Calculate d(93).
74
Let p(a) = -5*a**2 + 146*a + 3572. Give p(45).
17
Let c(o) = 3*o**2 + 423*o - 160. Determine c(11).
4856
Let z(g) = -g**2 - 24773*g - 49540. Calculate z(-2).
2
Let w(i) = -1084*i - 8760. What is w(-8)?
-88
Let t(x) = x**3 + 68*x**2 + 127*x - 1418. What is t(-66)?
-1088
Let j(n) = -n**3 + 42*n**2 - 477*n + 863. Give j(23).
-57
Let v(w) = w**2 - 2260*w + 29235. Give v(13).
24
Let f(a) = 2*a**3 + 13*a**2 - 38280*a - 191476. Determine f(-5).
-1
Let o(u) = -1939*u + 228812. What is o(118)?
10
Let p(d) = -d**3 - 37*d**2 - 16*d - 3709. Calculate p(-39).
-43
Let t(v) = 105*v - 6578. Give t(71).
877
Let p(h) = -132*h**3 - 792*h**2 + 45*h + 266. Calculate p(-6).
-4
Let r(a) = 70331*a - 421967. Calculate r(6).
19
Let u(z) = -z**3 + 272*z**2 + 1425*z - 10983. Give u(277).
97
Let y(q) = q**2 + 2660*q - 374471. Give y(134).
-75
Let s(k) = 74257*k + 2747509. Calculate s(-37).
0
Let j(w) = -w**3 - 33*w**2 + 171*w + 2336. What is j(-36)?
68
Let z(q) = 21*q**2 - 473*q + 38. What is z(22)?
-204
Let l(t) = 4*t**2 + 2344*t + 101812. Give l(-539).
480
Let c(k) = 17*k**2 + 7747*k - 10014. Give c(-457).
40
Let m(s) = -s**3 - 27*s**2 - 172*s - 348. Determine m(-19).
32
Let g(d) = -d**3 + 17*d**2 + 341*d - 2414. Calculate g(6).
28
Let w(j) = 381*j - 51743. What is w(136)?
73
Let g(x) = 22*x**2 + 6365*x - 38983. What is g(6)?
-1
Let b(x) = -x**3 + 84*x**2 - 118*x + 2874. Determine b(83).
-31
Let o(b) = -7*b + 1764. What is o(26)?
1582
Let z(m) = 2978737*m - 14893726. Calculate z(5).
-41
Let w(p) = -301*p - 528. Give w(-3).
375
Let p(q) = 2*q**3 - 149*q**2 - 400*q + 36332. What is p(74)?
1256
Let n(x) = 2*x**2 - 10787*x - 108056. Calculate n(-10).
14
Let u(k) = -k**3 + 38*k**2 - 49*k + 960. Give u(38).
-902
Let w(q) = -816*q - 3165. Give w(-4).
99
Let s(k) = -5831*k - 145728. Determine s(-25).
47
Let u(v) = -3*v**2 - 455*v + 2529. Determine u(-157).
17
Let b(o) = -24*o**3 + 169*o**2 - 197*o + 1329. What is b(7)?
-1
Let k(x) = 5*x**2 - 998*x + 19259. Calculate k(177).
-742
Let d(p) = -3144*p + 21808. Calculate d(7).
-200
Let h(w) = 6*w**2 - 68925*w - 137858. Give h(-2).
16
Let z(i) = -4*i**2 - 799*i + 7176. What is z(9)?
-339
Let u(b) = b**2 - 6118*b + 67515. Calculate u(11).
338
Let l(o) = 10575*o + 2442836. What is l(-231)?
11
Let o(i) = i**2 - 13*i + 792. Give o(23).
1022
Let b(p) = -p**3 + 63*p**2 + 60*p - 3797. Give b(63).
-17
Let b(v) = -9*v**2 + 1573*v + 461. Determine b(175).
111
Let j(k) = k**3 + 8*k**2 + 1123*k - 4489. Determine j(4).
195
Let n(r) = 13790*r**2 + 1737527*r - 1643. What is n(-126)?
-5
Let l(a) = 7*a**3 + 38*a**2 + 64*a + 37. What is l(-5)?
-208
Let t(d) = 703*d + 181036. Give t(-257).
365
Let r(l) = -1466*l + 112887. Determine r(77).
5
Let j(l) = -886*l + 299456. What is j(338)?
-12
Let q(r) = 1253*r - 18798. What is q(15)?
-3
Let z(d) = 827*d**2 - 10766*d + 131. What is z(13)?
-64
Let f(n) = -9*n**3 - 549*n**2 + 24*n - 130. Give f(-61).
-1594
Let k(r) = -r**3 + 60*r**2 + 550*r - 10165. Give k(66).
-1
Let q(c) = -13255*c + 146263. Calculate q(11).
458
Let o(x) = -9*x**2 + 75*x - 206. What is o(7)?
-122
Let k(h) = -2031*h - 71274. What is k(-35)?
-189
Let h(z) = -634*z - 39320. Give h(-62).
-12
Let b(z) = -17985*z - 17885. What is b(-1)?
100
Let f(z) = 4*z**3 - 136*z**2 + 573*z + 194. Calculate f(29).
-9
Let k(z) = -2*z**3 - 859*z**2 + 1712*z + 7. Give k(2).
-21
Let i(k) = -67*k**2 - 5582*k + 60343. Calculate i(-93).
-14
Let t(a) = a**3 + 33*a**2 - 156*a - 210. Give t(-37).
86
Let p(z) = 217*z + 737. What is p(-1)?
520
Let t(g) = -1496*g - 29706. Give t(-20).
214
Let l(k) = 14*k**3 - 279*k**2 + 37*k - 36. Determine l(20).
1104
Let q(i) = 11029*i + 10333. Calculate q(-1).
-696
Let q(s) = 1885*s**2 - 503299*s + 1072. Calculate q(267).
4
Let m(z) = 3*z**3 - 26*z**2 + 5*z - 31. Give m(10).
419
Let u(i) = -987*i - 11560. Determine u(-12).
284
Let h(o) = 288*o**2 - 4038*o + 177. Give h(14).
93
Let x(k) = -4*k**3 - 518*k**2 + 786*k - 186. Determine x(-131).
-186
Let f(r) = -14*r**3 + 643*r**2 + r + 2070. Give f(46).
0
Let r(a) = -14*a**3 + 113*a**2 - 209*a - 78. Determine r(4).
-2
Let r(h) = 4*h**2 - 631*h + 1934. Give r(155).
229
Let l(g) = 379*g - 36084. What is l(95)?
-79
Let u(x) = x**3 + 30*x**2 + 87*x + 680. Calculate u(-26).
1122
Let g(q) = -295*q + 4110. What is g(12)?
570
Let g(d) = -3510*d - 203656. Determine g(-58).
-76
Let u(f) = -245*f**2 + 3137*f + 3139. Calculate u(-1).
-243
Let z(d) = -14*d**3 + 8906*d**2 - 1264*d - 5418. Calculate z(636).
-330
Let v(m) = 52*m + 2273. Calculate v(-23).
1077
Let d(r) = r**3 - 95*r**2 + 1628*r + 38. Calculate d(22).
522
Let o(u) = 6*u**3 + 60*u**2 - 184*u - 2151. Calculate o(-11).
-853
Let z(h) = -12*h**2 + 705*h - 464. Give z(58).
58
Let v(t) = -t**3 - 326*t**2 + 2152*t + 53120. Determine v(-332).
0
Let n(m) = 361*m - 27279. What is n(76)?
157
Let d(m) = -169*m - 20955. Determine d(-123).
-168
Let k(h) = h**2 + 215*h - 7184. What is k(-247)?
720
Let b(r) = -r**3 + 8*r**2 - 10*r + 1059. Calculate b(13).
84
Let f(d) = -1463*d**2 - 16095*d - 15. Give f(-11).
7
Let l(d) = -d**2 + 291*d - 11148. Give l(55).
1832
Let r(n) = -n**2 + 3523*n + 17682. Give r(-5).
42
Let b(l) = -5*l**2 + 1775*l - 27185. Give b(16).
-65
Let n(b) = 562*b + 136567. Give n(-243).
1
Let z(x) = -13*x**3 - 869*x**2 - 4017*x - 2. Calculate z(-5).
-17
Let a(x) = x**3 + 7*x**2 + 3614*x + 32806. Calculate a(-9).
118
Let s(g) = 2*g**3 - 27*g**2 + 70*g - 468. Give s(12).
-60
Let g(c) = 1642*c + 11508. What is g(-7)?
14
Let z(p) = -13242*p - 264833. Give z(-20).
7
Let t(a) = 10936*a - 10826645. What is t(990)?
-5
Let a(w) = w**3 + 74*w**2 + 83*w + 5250. Calculate a(-74).
-892
Let q(x) = -227799*x - 227803. Determine q(-1).
-4
Let m(h) = -12613*h - 75675. Calculate m(-6).
3
Let i(c) = -39*c